e factors of f?
197
Let l(k) = -k**3 + 9*k**2 - 5*k - 5. Let z be l(7). Suppose 0*b - 2 = -b, -w - 5*b + 27 = 0. Suppose 5*s - z = w. List the prime factors of s.
3, 5
Suppose 0 = 5*n + 5*n - 30. Suppose -n*y + 194 = -o, -2*y + o = -5*y + 202. List the prime factors of y.
2, 3, 11
Let m = 29 - 26. Suppose 2*i - m*o = 83, 2*i - 54 = 5*o + 19. What are the prime factors of i?
7
What are the prime factors of (360/(-14))/(90/(-840))?
2, 3, 5
Let f(h) = -9*h + 16*h + 15 + 3*h**2 + 3*h - 7*h. List the prime factors of f(-9).
3, 7, 11
Suppose -3*d + 8 = -7. Suppose -d*v + 117 = -5*b + 3*b, -3*v - 2*b + 83 = 0. Suppose -k = -2*k + v. What are the prime factors of k?
5
Let f(a) = a**2 - 2*a - 1. Let l be f(3). Suppose -3*n - 15 = -l*v, -3*n - n - 14 = -2*v. List the prime factors of v.
3
Let m(r) = 6*r - 44. Let o be m(18). Suppose -29 = -3*d + o. List the prime factors of d.
31
Let m(v) = v**3 + 2*v**2 + 6*v. Let y be m(5). Suppose 0 = -2*g - q + y, 3*g - 295 = 3*q - 2*q. What are the prime factors of g?
2, 5
Suppose 5*h + 2*q + 30 = 10, -3*q = 3*h + 12. What are the prime factors of (58/h)/(1/(-2))?
29
Let a(o) = -o**2 + 24*o - 6. Suppose 7*g - 5 = 2*g, g = -5*i + 41. List the prime factors of a(i).
2, 61
Let k = -5 + 112. What are the prime factors of k?
107
Let t = 363 + 275. List the prime factors of t.
2, 11, 29
Suppose 0*y + 272 = 4*y. Suppose y = g + 4. List the prime factors of g.
2
Suppose 36 = 8*v - 11*v. Let l = -14 - v. Let r(p) = 4*p**2 + 4*p + 3. List the prime factors of r(l).
11
Let n(g) be the third derivative of -g**6/120 - 7*g**5/30 + g**4/8 + 8*g**2. Let w be n(-13). What are the prime factors of (-1)/(((-12)/(-3))/w)?
2, 13
Let n = 6 + -6. Suppose n = 6*g - 5*g - 8. List the prime factors of (g/6)/((-6)/(-81)).
2, 3
Let r(t) = -t + 2. Let a be r(4). Let c(m) = -3*m**2 - 38*m + 1. Let u(g) = g**2 + 13*g. Let x(b) = a*c(b) - 7*u(b). What are the prime factors of x(-12)?
2, 17
Let k be (-2 - (-7 + 3)) + 1. Suppose -k*d + 86 + 37 = 0. What are the prime factors of d?
41
Let v = -85 - 7. Let f be 6/(-27) - v/9. Let r = 33 - f. What are the prime factors of r?
23
Suppose 3*n - 2*s = -12, 0*s - 27 = 4*n + s. Let t be 2/(n/3)*0. Suppose 3*k = -t*k + 69. What are the prime factors of k?
23
Suppose 0*g = 35*g - 18690. What are the prime factors of g?
2, 3, 89
Suppose 0 = 5*o - 10, n = 2*o - 3*o - 22. Let v = n + 60. What are the prime factors of v?
2, 3
Let a(k) = 2*k**2 - 2*k - 3. Let q be a(6). Let w(t) = -t - 4. Let d be w(-4). Suppose -4*p + 52 = 2*z, p = 2*z - d*p - q. What are the prime factors of z?
2, 7
Let a(n) = 18*n**2 + 11. What are the prime factors of a(5)?
461
Suppose -5*f + 11 = -z, -z = 5*f - 0*z - 9. Suppose 0*h - f*h + 94 = 2*d, 2*h + 5*d = 103. What are the prime factors of h?
2, 11
What are the prime factors of ((-98800)/(-42))/4 - 4/42?
2, 3, 7
Let x be 12/2*(-45)/6. Let t be (-2052)/x - (-6)/(-10). Suppose -5*l + t - 5 = 0. List the prime factors of l.
2
List the prime factors of 10149/12 + (216/(-32) - -6).
5, 13
Let n = 685 + -427. What are the prime factors of n?
2, 3, 43
What are the prime factors of 9/((195/80)/13)?
2, 3
Let l be ((-6)/(-15))/(2/360). Suppose 0 = 3*g - l - 267. What are the prime factors of g?
113
Suppose -d + m + 3 = -2, -m = 5*d - 19. Suppose 2*u + 9 = -3*s, d*s - s + 18 = -5*u. List the prime factors of u/(-18) - (-209)/6.
5, 7
Let d = -12 - -13. List the prime factors of 0 + -1 + 71 + d.
71
Let j = 752 + -321. List the prime factors of j.
431
Suppose 199099 = 59*n + 44*n. List the prime factors of n.
1933
Suppose 0 = -f, 4*g - f - f = 12. Suppose 0 = -4*h + g*r - 0*r + 208, -5*r + 75 = h. What are the prime factors of h?
5, 11
Let m = 60 + -52. Suppose m*x - 3*x = 510. What are the prime factors of x?
2, 3, 17
Suppose 261 + 3 = 2*h. List the prime factors of -3 + 9 + h + (-4 - -1).
3, 5
Let m = 859 + -507. List the prime factors of m.
2, 11
Let b(c) = 9*c**3. Let y be b(1). Suppose 4*l - y*l + 790 = 0. List the prime factors of l.
2, 79
Let x = 9 - 4. Suppose 5*z + 6*h - 3*h = 309, 4*h = x*z - 288. List the prime factors of z.
2, 3, 5
Let v(i) = -i**3 + 13*i**2 + 11*i - 28. Let k be v(14). What are the prime factors of (-2296)/k*10/4?
2, 41
Let r = 60 + -38. Suppose 262 = -r*n + 24*n. What are the prime factors of n?
131
Suppose 35*d - 26505 = 26*d. What are the prime factors of d?
5, 19, 31
Let z = 81 + -32. What are the prime factors of z?
7
Let q(p) = 37*p + 114. List the prime factors of q(7).
373
Suppose 788 - 3446 = -6*m. What are the prime factors of m?
443
Suppose -4*f = f - 135. Suppose -3*r + 5*m = -34 - 45, r - 2*m - f = 0. List the prime factors of r.
23
Suppose 9681 - 131325 = -124*r. What are the prime factors of r?
3, 109
Suppose 0 = 4*l - 9*l + 4*w + 1758, 5*l - w - 1767 = 0. Suppose 5*u - l = 91. List the prime factors of u.
89
Let n = -38 + 61. Suppose -z + 5 = n. Let d = z + 29. List the prime factors of d.
11
Let b(p) = -18*p**2 - p - 1. Let w be b(-3). Let k = 340 + w. What are the prime factors of k?
2, 3, 5
Let x(o) = 49*o + 15. Let p = -46 - -49. What are the prime factors of x(p)?
2, 3
Let y(l) = 3*l**2 + 11*l - 8. Let u = 30 + -28. Suppose u*w + 3 + 11 = 0. What are the prime factors of y(w)?
2, 31
Suppose 2*j - 152 - 66 = 0. Let o = j - 58. What are the prime factors of o?
3, 17
List the prime factors of ((-34)/(-3) + -2)*(-29 - -212).
2, 7, 61
Suppose 3*a = -2*j + 489, 2*j - 326 = -5*a + 165. What are the prime factors of j?
3
Let c = 7 + -5. Suppose -2*u = -0*u + c. What are the prime factors of 2/3*u*-3?
2
Suppose 18*h = 22*h - 12. Let w(d) = d**2. List the prime factors of w(h).
3
Let z be 2 + 0 - (-6 + -2 + 5). Suppose -8*g + z*g = -624. List the prime factors of g.
2, 13
Let x = -1429 - -4135. What are the prime factors of x?
2, 3, 11, 41
Suppose 4*u + 5*y - 1905 = 0, 4*u + y - 348 = 1569. Suppose -7*h + u = -3*h. What are the prime factors of h?
2, 3, 5
Suppose 0 = 3*c - 5*c + 1292. List the prime factors of c.
2, 17, 19
Suppose 4*o = -o + 10. Suppose h + 2*q - 4 = o*h, 2*h - 37 = -5*q. What are the prime factors of ((-74)/h)/((-2)/6)?
37
Let b = -129 + -164. Let h = 586 + b. List the prime factors of h.
293
Suppose -143*u = -145*u - 16. What are the prime factors of (u/5)/((-21)/1995)?
2, 19
Let m(z) = z**2 - 3*z - 5. Let t be m(5). Suppose -f - 3*q + 8 = 0, 0 = -5*f - q + t + 7. Suppose 2*n - 76 = -f*n. List the prime factors of n.
19
Suppose -5*d - 66 = -1981. What are the prime factors of d?
383
Let m(x) = x + 2. Let a be m(5). Suppose -a*i + 2*i + 220 = 0. What are the prime factors of i?
2, 11
Suppose 0 - 1 = c. Let d = c - -145. Suppose -12 + d = 4*t. What are the prime factors of t?
3, 11
Suppose 24*c + 3980 - 22004 = 0. What are the prime factors of c?
751
Let w = -298 - -1028. List the prime factors of w.
2, 5, 73
What are the prime factors of (-3 + 5)*670/5?
2, 67
Suppose 0 = 3*x + 3*v + 261, 0 = 6*x - 7*x + 3*v - 95. What are the prime factors of (-4 + x/3)/((-1)/3)?
101
Let q = -4 + 58. Suppose 3*b - 3*c = -90, -b - 2 - 31 = 2*c. Let g = q + b. List the prime factors of g.
23
Let i = 192 + -341. Let k = i - -169. List the prime factors of k.
2, 5
Let b = 46 + 445. List the prime factors of b.
491
What are the prime factors of -1*(-1771 - (7 - 14))?
2, 3, 7
Suppose 39*w - 16826 = -8*w. What are the prime factors of w?
2, 179
Let f be ((-6)/(-33) - 0) + (-53)/(-11). Suppose -f*t + 44 + 31 = 0. List the prime factors of t.
3, 5
Let r(m) = -4*m + 20. Let i(d) = -d**2 + d + 4. Let f be i(3). Let x be 16/(-1 - 1) + f. List the prime factors of r(x).
2, 3, 5
Let f be (-93)/(-19) - 6/(-57). Suppose 4*j - f*j + 48 = 0. What are the prime factors of j?
2, 3
Let s(d) = -d**3 + 8*d**2 - d. Suppose 4*p = -4*h + 8, 2*h + 3*p - 3 + 2 = 0. List the prime factors of s(h).
2, 5, 7
Suppose -l = 5*z - 24, 2*z - 3*z = 2*l - 3. What are the prime factors of (-34)/(-4) + l/(-2)?
3
List the prime factors of (-4212)/(-10) - (147/(-15) + 10).
421
Let h(y) = y**3 + 7*y**2 - 10*y - 16. Let l be h(-8). Suppose -5*f + b = -192, l*f + 144 = 4*f + 4*b. List the prime factors of f.
2, 19
Let f be ((-3)/(-1) + -1)*4. List the prime factors of f/(-3)*(-5 + 2).
2
Suppose -3740 = 3*o - 13*o. What are the prime factors of o?
2, 11, 17
Let f = -1227 - -1781. What are the prime fa